r of 160 and u?
20
Let k = 1520 + -1425. What is the highest common factor of 57 and k?
19
Let v = -273 + 657. Calculate the greatest common factor of v and 24.
24
Let i = 89 - 113. Let x be ((-60)/18 - (-2 + -1))*i. Calculate the greatest common divisor of 8 and x.
8
Suppose 4*t = -104 + 248. What is the highest common factor of 96 and t?
12
Suppose -5*y - 4*k - 11 = 0, 2*k + 8 = 5*y - 5. Suppose -89 - 6 = -5*s + 3*h, -s + 42 = 4*h. Calculate the highest common factor of s and y.
1
Let v be (1/4)/(7/(-1666))*-4. Let u(b) = -b**2 - 8*b + 7. Let m be u(-7). What is the highest common divisor of m and v?
14
Let b(z) = -z**2 - 18*z + 7. Let x be b(-9). Let o = x - -2. Calculate the greatest common divisor of 10 and o.
10
Let q(y) = 113*y**3 - y. Let v be q(1). Let u be (3 - 21/3) + 216. Suppose -2*b = -u - v. What is the highest common divisor of b and 18?
18
Suppose 5*s + 4*x - 67 = 0, -3*s + 85 = 2*s - 5*x. Suppose -9 = -f + s. Let i(b) = 9*b**2 - 1. Let w be i(-1). What is the greatest common divisor of f and w?
8
Let m(h) = -h**3 + 3*h**2 + h + 1. Let k = 8 - 5. Let i be m(k). Suppose i*o - 3 = -19, -4*t = -5*o - 60. Calculate the highest common factor of t and 40.
10
Let x be ((-6)/(-20)*-2)/(35/(-525)). Suppose -t = -x*t + 192. Calculate the greatest common divisor of t and 12.
12
Let b(i) = i**3 + 28*i**2 + 47*i - 35. Let a be b(-26). Calculate the highest common factor of a and 57.
19
Let u(i) be the second derivative of i**3/2 - 3*i**2 - 37*i. Let w be u(6). Calculate the highest common factor of w and 6.
6
Let b(r) = r**3 + 3*r**2 - 5*r - 3. Let g be b(-3). Suppose -12*u + 613 = 5*u - 101. What is the highest common divisor of g and u?
6
Let c be (-628)/(-28) - 16/168*-6. What is the highest common divisor of c and 69?
23
Suppose -h + 0 = -5*m - 1, -m - 17 = 4*h. Let g be (-6)/(-9)*(-42)/h. Suppose 6*p + 44 = g*p. What is the greatest common factor of p and 4?
4
Let z be 17/6 - (-8)/48. Suppose -z*w - 81 = -6*w. Suppose -5*i + 4*r + w = 0, -i - 5*r - 5 = 7. What is the greatest common factor of i and 3?
3
Let v = -1996 - -2012. What is the greatest common divisor of v and 256?
16
Let p(j) = 46*j**3 + 36*j - 37. Let g be p(1). Calculate the highest common divisor of 27 and g.
9
Let s = -2 + 6. Suppose 0 = -2*m, -4*m = s*j - 0*j - 48. Calculate the greatest common factor of 60 and j.
12
Let v be (-108)/(-7)*(53 - -10). Calculate the highest common factor of v and 72.
36
Let x = 108 - 51. Suppose -2*p + 154 = 4*f, 4*f - 150 + 0 = 2*p. What is the greatest common factor of f and x?
19
Let s = -246 - -331. What is the highest common divisor of 51 and s?
17
Suppose -2*w + 1356 = 2*w + 2*o, -2*o - 8 = 0. Suppose -8*r + 163 = -w. What is the highest common divisor of 7 and r?
7
Let x(g) = g**2 - 2*g + 154. Let b be x(0). Suppose 10 = -5*y, -2*d = -9*y + 4*y - b. Calculate the greatest common divisor of 18 and d.
18
Let b = 623 - 418. What is the highest common factor of 82 and b?
41
Let a(l) = l**3 - 22*l - 1. Let v be a(5). Calculate the highest common divisor of v and 14.
14
Suppose 0 = 2*x - 3*k - 2*k - 854, -1298 = -3*x - k. Suppose v + x = 9*v. What is the highest common divisor of v and 9?
9
Let f(k) be the second derivative of k**5/20 - k**4/12 - 5*k**3/6 + 5*k**2/2 - 16*k. Let m be f(3). Calculate the greatest common factor of 4 and m.
4
Let t = -129 - -131. Let o = -6 + 12. What is the greatest common factor of t and o?
2
Let j be (-16)/(-64) - 142/(-8). Suppose 4*a - j = 22. What is the greatest common factor of a and 110?
10
Let j(i) = 3*i - 11. Let t be j(2). Let v = t - -53. What is the greatest common divisor of 12 and v?
12
Let c = -29 + 40. Suppose 1619 = 114*i + 365. Calculate the highest common factor of c and i.
11
Let n be ((-30)/7)/(-1) - 34/119. Suppose -j = 3*i - 19, -4*j + 1 = i - 20. Suppose -i*v + v + 48 = 0. What is the greatest common factor of v and n?
4
Let r be ((-16)/12)/(2/(-15)). Calculate the greatest common factor of r and 435.
5
Suppose r = -r - 2. Let y be 334/2 - (1 - r). Suppose -45 = -6*p + 3*p. What is the highest common factor of y and p?
15
Let s(i) = 143*i - 276. Let q be s(4). Calculate the highest common factor of 24 and q.
8
Suppose 0*a + 6 = -a. Suppose c - 6*c - 35 = 0. Let j be 0 - (a + 3) - c. Calculate the highest common factor of j and 110.
10
Let l be (-2)/(-3) - (-2 + (-5560)/3). What is the highest common factor of 29 and l?
29
Let y(v) = v**3 + 17*v**2 - 25*v + 26. Let h be y(-18). Calculate the greatest common divisor of 19 and h.
19
Let a be -3 - 7/((-84)/(-16))*63. Let n = a - -195. Calculate the highest common divisor of n and 12.
12
Let d(b) = -2*b + 14. Let m be d(-7). Suppose -3*g + 17 + m = 0. What is the greatest common divisor of g and 105?
15
Let w be (39/(-2))/((-28)/112). Calculate the highest common divisor of 18 and w.
6
Let a = 33 + -31. Suppose -g + a = -7. What is the greatest common divisor of 90 and g?
9
Suppose 1590 = 5*j + 5*r, -30*j + 35*j - 1605 = -2*r. Calculate the greatest common factor of j and 136.
17
Let u be ((-120)/(-96))/(1/4). Let c be 1082/u + (-3)/(-5). Calculate the greatest common divisor of 31 and c.
31
Let i be (33/(-22))/((-3)/4). Suppose 0 = -i*f + 2. What is the greatest common factor of f and 4?
1
Let w = -42 + 54. Let y = w - -2. Calculate the highest common divisor of y and 98.
14
Suppose 0 = 28*t - 33*t + 75. Let d = 39 - t. Calculate the greatest common divisor of 96 and d.
24
Let v be (-2)/(-13) + (2 - 44/(-52)). Suppose -4*h + v*h = -5*k - 39, 145 = 3*h - k. Calculate the highest common divisor of h and 7.
7
Suppose -3*y + 4*y + 2 = 0. Let w = -105 - -111. Let p be (-498)/(-18) - y/w. What is the highest common factor of 14 and p?
14
Suppose 23*o + 387 = 25*o + z, -o + 4*z = -180. What is the highest common factor of 6 and o?
6
Suppose 16*s = 12*s + 520. What is the highest common divisor of 806 and s?
26
Let t = -326 + 354. What is the greatest common divisor of t and 798?
14
Let u = -165 + 243. Let y(x) = -34*x**2 + 139*x + 14. Let c be y(4). What is the highest common factor of c and u?
26
Suppose -3*z + 178 = w, 0 = 47*z - 45*z + 2*w - 112. Calculate the highest common factor of 427 and z.
61
Suppose 3 = -14*h + 17. What is the greatest common divisor of h and 7?
1
Let q = -18 - -223. What is the highest common divisor of 10 and q?
5
Suppose 0 = f + 2*f. Suppose f = -5*d - 3*m + 7*m + 21, 0 = m - 1. Suppose 10*i - 150 = d*i. What is the highest common factor of i and 12?
6
Let i = 27 - 17. Let z(w) = 1 - 3*w - 4*w + w - w**3 + i*w**2. Let y be z(9). Calculate the greatest common divisor of 42 and y.
14
Let x(j) = -j**2 - 2*j + 3. Let g be x(3). Let p be 1*31 - 36/g. Suppose 0 = 2*n - v - 34, n + n - 34 = 2*v. Calculate the highest common factor of n and p.
17
Suppose -5*o = -2*q + 52, 4*q = 6*q - o - 68. Calculate the greatest common factor of q and 450.
18
Suppose -4*g = -2*y + 3*y + 24, g + 139 = -5*y. Let t = y + 39. Let f be (-3 + -9)*132/(-144). What is the highest common factor of t and f?
11
Suppose 2*r + 2*r = -u + 7, 2*r = -u + 11. Let j(v) = 18*v**2 + 14*v + 45. Let k be j(-3). Calculate the greatest common divisor of k and u.
15
Let b = 216 - 176. Let s be -4 - (-4 - (102 + -2)). What is the highest common factor of s and b?
20
Let j = 46 - 28. Suppose -23 = -2*x + 33*g - 30*g, 2*x = -g + 3. Suppose -x*v = -5*s + 10 + 19, 3*s - 2*v = 19. What is the highest common divisor of j and s?
9
Let i be 16/(-12)*6/(-4). Suppose -3*d = -t + 47, 5*t - d - 187 = i*d. Suppose -40*p = -10*p - 150. Calculate the greatest common divisor of t and p.
5
Let q be 21/2 - (-1)/(-2). Suppose 0 = 69*a - 13495 + 1765. What is the highest common factor of q and a?
10
Suppose -4*k + p + 463 + 840 = 0, 4*p = 5*k - 1626. Suppose -313 - k = -3*f. Let s = 308 - f. Calculate the highest common divisor of 38 and s.
19
Let a = -3 + 23. Let p = 90 + -52. Let w = p - a. What is the greatest common divisor of w and 45?
9
Suppose -12 + 188 = 4*u. Suppose -4*r - 25*x = -27*x + 80, 4 = x. Let i = r + u. Calculate the highest common factor of 286 and i.
26
Suppose -101 = 5*h - 5591. What is the greatest common factor of 36 and h?
18
Let p = 99 - 100. Let q be -10*((-87)/(-15)*p + 3). Calculate the greatest common factor of q and 4.
4
Suppose 6*v - 3*v + 9 = 0